ed by 48?
45
What is the remainder when 110 is divided by 2?
0
Calculate the remainder when 12781 is divided by 16.
13
Calculate the remainder when 494 is divided by 7.
4
Calculate the remainder when 124 is divided by 40.
4
What is the remainder when 11317 is divided by 49?
47
Calculate the remainder when 118 is divided by 32.
22
What is the remainder when 8761 is divided by 1752?
1
Calculate the remainder when 115 is divided by 42.
31
Calculate the remainder when 51 is divided by 10.
1
Calculate the remainder when 433 is divided by 116.
85
What is the remainder when 4049 is divided by 409?
368
Calculate the remainder when 571 is divided by 114.
1
Calculate the remainder when 246 is divided by 60.
6
What is the remainder when 167 is divided by 31?
12
What is the remainder when 427 is divided by 122?
61
What is the remainder when 205 is divided by 42?
37
What is the remainder when 586 is divided by 49?
47
Calculate the remainder when 343 is divided by 15.
13
What is the remainder when 52 is divided by 12?
4
What is the remainder when 5068 is divided by 118?
112
Calculate the remainder when 2573 is divided by 23.
20
Calculate the remainder when 96 is divided by 73.
23
What is the remainder when 877 is divided by 199?
81
Calculate the remainder when 10228 is divided by 89.
82
What is the remainder when 388 is divided by 10?
8
What is the remainder when 212 is divided by 59?
35
What is the remainder when 374 is divided by 63?
59
What is the remainder when 2223 is divided by 1104?
15
What is the remainder when 49 is divided by 10?
9
What is the remainder when 116 is divided by 13?
12
What is the remainder when 1119 is divided by 559?
1
Calculate the remainder when 113 is divided by 40.
33
Calculate the remainder when 373 is divided by 123.
4
Calculate the remainder when 352 is divided by 59.
57
What is the remainder when 210 is divided by 55?
45
What is the remainder when 37439 is divided by 208?
207
Calculate the remainder when 904 is divided by 203.
92
What is the remainder when 92 is divided by 35?
22
Calculate the remainder when 274 is divided by 35.
29
What is the remainder when 448 is divided by 148?
4
Calculate the remainder when 279 is divided by 56.
55
What is the remainder when 6095 is divided by 58?
5
What is the remainder when 238 is divided by 83?
72
What is the remainder when 341 is divided by 39?
29
Calculate the remainder when 1411 is divided by 9.
7
Calculate the remainder when 179 is divided by 60.
59
What is the remainder when 5497 is divided by 25?
22
What is the remainder when 47 is divided by 17?
13
Calculate the remainder when 587 is divided by 121.
103
What is the remainder when 332 is divided by 12?
8
What is the remainder when 5915 is divided by 34?
33
What is the remainder when 3401 is divided by 24?
17
Calculate the remainder when 250 is divided by 14.
12
What is the remainder when 1010 is divided by 15?
5
Calculate the remainder when 1043 is divided by 1020.
23
What is the remainder when 4211 is divided by 81?
80
What is the remainder when 638 is divided by 205?
23
What is the remainder when 2099 is divided by 140?
139
What is the remainder when 755 is divided by 107?
6
Calculate the remainder when 147 is divided by 73.
1
What is the remainder when 1280 is divided by 631?
18
Calculate the remainder when 3355 is divided by 9.
7
What is the remainder when 481 is divided by 197?
87
Calculate the remainder when 121 is divided by 38.
7
What is the remainder when 406 is divided by 51?
49
Calculate the remainder when 748 is divided by 20.
8
Calculate the remainder when 425 is divided by 33.
29
What is the remainder when 473 is divided by 153?
14
What is the remainder when 715 is divided by 235?
10
What is the remainder when 3462 is divided by 35?
32
Calculate the remainder when 4246 is divided by 85.
81
What is the remainder when 9 is divided by 4?
1
Calculate the remainder when 319 is divided by 14.
11
What is the remainder when 1909 is divided by 13?
11
Calculate the remainder when 108 is divided by 15.
3
What is the remainder when 2106 is divided by 77?
27
Calculate the remainder when 454 is divided by 9.
4
What is the remainder when 337 is divided by 68?
65
Calculate the remainder when 85 is divided by 74.
11
What is the remainder when 328 is divided by 11?
9
What is the remainder when 13539 is divided by 19?
11
What is the remainder when 1108 is divided by 11?
8
Calculate the remainder when 331 is divided by 84.
79
What is the remainder when 522 is divided by 89?
77
Calculate the remainder when 616 is divided by 24.
16
What is the remainder when 1036 is divided by 66?
46
What is the remainder when 257 is divided by 55?
37
Calculate the remainder when 548 is divided by 180.
8
Calculate the remainder when 93 is divided by 6.
3
Calculate the remainder when 613 is divided by 541.
72
Calculate the remainder when 69 is divided by 18.
15
Calculate the remainder when 97 is divided by 44.
9
Calculate the remainder when 4229 is divided by 47.
46
What is the remainder when 3519 is divided by 32?
31
Calculate the remainder when 235 is divided by 49.
39
What is the remainder when 933 is divided by 118?
107
Calculate the remainder when 4754 is divided by 116.
114
Calculate the remainder when 6208 is divided by 90.
88
Calculate the remainder when 651 is divided by 112.
91
Calculate the remainder when 2291 is divided by 9.
5
What is the remainder when 308 is divided by 114?
80
What is the remainder when 1972 is divided by 654?
10
What is the remainder when 5485 is divided by 26?
25
Calculate the remainder when 328 is divided by 32.
8
What is the remainder when 1134 is divided by 25?
9
What is the remainder when 287 is divided by 18?
17
Calculate the remainder when 2210 is divided by 4.
2
What is the remainder when 459 is divided by 22?
19
What is the remainder when 154 is divided by 27?
19
Calculate the remainder when 1166 is divided by 1162.
4
What is the remainder when 1277 is divided by 634?
9
What is the remainder when 3173 is divided by 46?
45
Calculate the remainder when 146 is divided by 47.
5
What is the remainder when 1858 is divided by 110?
98
Calculate the remainder when 102 is divided by 18.
12
Calculate the remainder when 48 is divided by 13.
9
What is the remainder when 8202 is divided by 4100?
2
Calculate the remainder when 387 is divided by 10.
7
Calculate the remainder when 354 is divided by 114.
12
What is the remainder when 1299 is divided by 249?
54
What is the remainder when 9126 is divided by 56?
54
Calculate the remainder when 1816 is divided by 202.
200
What is the remainder when 1598 is divided by 25?
23
What is the remainder when 185 is divided by 105?
80
Calculate the remainder when 1663 is divided by 111.
109
Calculate the remainder when 571 is divided by 99.
76
Calculate the remainder when 52 is divided by 3.
1
Calculate the remainder when 63 is divided by 35.
28
Calculate the remainder when 237 is divided by 34.
33
What is the remainder when 692 is divided by 7?
6
What is the remainder when 33421 is divided by 34?
33
Calculate the remainder when 2627 is divided by 267.
224
Calculate the remainder when 610 is divided by 127.
102
Calculate the remainder when 148 is divided by 17.
12
Calculate the remainder when 714 is divided by 390.
324
What is the remainder when 664 is divided by 75?
64
What is the remainder when 43 is divided by 24?
19
What is the remainder when 72 is divided by 31?
10
What is the remainder when 208 is divided by 53?
49
What is the remainder when 181 is divided by 26?
25
What is the remainder when 154 is divided by 79?
75
Calculate the remainder when 1872 is divided by 1.
0
Calculate the remainder when 7320 is divided by 365.
20
Calculate the remainder when 407 is divided by 102.
101
What is the remainder when 163 is divided by 74?
15
What is the remainder when 6 is divided by 3?
0
What is the remainder when 1537 is divided by 11?
8
Calculate the remainder when 277 is divided by 73.
58
What is the remainder when 353 is divided by 119?
115
What is the remainder when 144 is divided by 132?
12
What is the remainder when 748 is divided by 740?
8
Calculate the remainder when 229 is divided by 58.
55
Calculate the remainder when 529 is divided by 53.
52
Calculate the remainder when 1660 is d